{"id":66,"date":"2025-10-23T10:33:50","date_gmt":"2025-10-23T10:33:50","guid":{"rendered":"https:\/\/kifb.info\/?page_id=66"},"modified":"2025-11-05T08:03:39","modified_gmt":"2025-11-05T08:03:39","slug":"team-partner","status":"publish","type":"page","link":"https:\/\/kifb.info\/index.php\/team-partner\/","title":{"rendered":"Team &amp; Partner"},"content":{"rendered":"\n<div class=\"wp-block-group alignfull is-style-section-1 has-global-padding is-layout-constrained wp-container-core-group-is-layout-cdf985e3 wp-block-group-is-layout-constrained is-style-section-1--1\" style=\"min-height:100vh;margin-top:0;margin-bottom:0;padding-top:var(--wp--preset--spacing--80);padding-right:var(--wp--preset--spacing--80);padding-bottom:var(--wp--preset--spacing--80);padding-left:var(--wp--preset--spacing--80)\">\n<div class=\"wp-block-columns alignwide are-vertically-aligned-center is-layout-flex wp-container-core-columns-is-layout-643ced6b wp-block-columns-is-layout-flex\">\n<div class=\"wp-block-column is-vertically-aligned-center is-layout-flow wp-block-column-is-layout-flow\">\n<figure class=\"wp-block-image size-large has-custom-border\"><img loading=\"lazy\" decoding=\"async\" width=\"966\" height=\"1024\" src=\"https:\/\/kifb.info\/wp-content\/uploads\/2025\/10\/Lehrstuhl-Team-1-966x1024.jpeg\" alt=\"Project Team\" class=\"wp-image-69\" style=\"border-width:8px;aspect-ratio:1;object-fit:cover\" srcset=\"https:\/\/kifb.info\/wp-content\/uploads\/2025\/10\/Lehrstuhl-Team-1-966x1024.jpeg 966w, https:\/\/kifb.info\/wp-content\/uploads\/2025\/10\/Lehrstuhl-Team-1-283x300.jpeg 283w, https:\/\/kifb.info\/wp-content\/uploads\/2025\/10\/Lehrstuhl-Team-1-768x814.jpeg 768w, https:\/\/kifb.info\/wp-content\/uploads\/2025\/10\/Lehrstuhl-Team-1.jpeg 1052w\" sizes=\"auto, (max-width: 966px) 100vw, 966px\" \/><figcaption class=\"wp-element-caption\">Projektteam auf der MetaFin-Fachtagung, Mannheim, 2025 (Foto: Veranstalter)<\/figcaption><\/figure>\n<\/div>\n\n\n\n<div class=\"wp-block-column is-vertically-aligned-center is-layout-flow wp-block-column-is-layout-flow\">\n<div class=\"wp-block-group is-vertical is-content-justification-stretch is-layout-flex wp-container-core-group-is-layout-353c4f5a wp-block-group-is-layout-flex\">\n<h2 class=\"wp-block-heading has-text-align-left\">Projektteam<\/h2>\n\n\n\n<blockquote class=\"wp-block-quote is-layout-flow wp-block-quote-is-layout-flow\">\n<p class=\"has-medium-font-size\" style=\"border-style:none;border-width:0px;margin-top:0;margin-right:0;margin-bottom:0;margin-left:0\">Das Projekt wird vo<strong>n der Professur  Didaktik Wirtschaft und Recht<\/strong> an der <strong>Friedrich-Alexander-Universit\u00e4t Erlangen-N\u00fcrnberg (FAU)<\/strong> koordiniert.<br>Zum Team geh\u00f6ren Prof. Dr. Holger Arndt und Tabea S\u00f6hnlein.<br>Gemeinsam forschen wir an innovativen Wegen, K\u00fcnstliche Intelligenz in Bildungskontexten sinnvoll einzusetzen.<\/p>\n<\/blockquote>\n<\/div>\n<\/div>\n<\/div>\n<\/div>\n\n\n\n<h2 class=\"wp-block-heading\">Praxispartner<\/h2>\n\n\n\n<p>Gemeinsam mit unseren Praxispartnern \u2013 der <strong>Schuldnerhilfe K\u00f6ln<\/strong>, der <strong>Evangelischen Schuldnerberatung der Diakonie D\u00fcsseldorf<\/strong> sowie der <strong>Stiftung Deutschland im Plus<\/strong> \u2013 erproben wir KI-basierte Lernangebote f\u00fcr unterschiedliche Zielgruppen.<br>Unser Ziel ist es, <strong>Forschung und Praxis miteinander zu verbinden<\/strong>, um die finanzielle Bildung und Beratung nachhaltig zu st\u00e4rken.<\/p>\n\n\n\n<div class=\"wp-block-columns is-layout-flex wp-container-core-columns-is-layout-28f84493 wp-block-columns-is-layout-flex\">\n<div class=\"wp-block-column is-layout-flow wp-block-column-is-layout-flow\" style=\"flex-basis:33.34%\">\n<figure class=\"wp-block-gallery has-nested-images columns-default is-cropped wp-block-gallery-2 is-layout-flex wp-block-gallery-is-layout-flex\">\n<figure class=\"wp-block-image size-large\"><img loading=\"lazy\" decoding=\"async\" width=\"1024\" height=\"279\" data-id=\"92\" src=\"https:\/\/kifb.info\/wp-content\/uploads\/2025\/10\/Logo_Stiftung-Deutschland-im-Plus-small-1024x279.png\" alt=\"\" class=\"wp-image-92\" srcset=\"https:\/\/kifb.info\/wp-content\/uploads\/2025\/10\/Logo_Stiftung-Deutschland-im-Plus-small-1024x279.png 1024w, https:\/\/kifb.info\/wp-content\/uploads\/2025\/10\/Logo_Stiftung-Deutschland-im-Plus-small-300x82.png 300w, https:\/\/kifb.info\/wp-content\/uploads\/2025\/10\/Logo_Stiftung-Deutschland-im-Plus-small-768x209.png 768w, https:\/\/kifb.info\/wp-content\/uploads\/2025\/10\/Logo_Stiftung-Deutschland-im-Plus-small-1536x418.png 1536w, https:\/\/kifb.info\/wp-content\/uploads\/2025\/10\/Logo_Stiftung-Deutschland-im-Plus-small-2048x558.png 2048w\" sizes=\"auto, (max-width: 1024px) 100vw, 1024px\" \/><\/figure>\n<\/figure>\n<\/div>\n\n\n\n<div class=\"wp-block-column is-layout-flow wp-block-column-is-layout-flow\" style=\"flex-basis:33.33%\">\n<figure class=\"wp-block-image size-full is-resized\"><img loading=\"lazy\" decoding=\"async\" width=\"1005\" height=\"532\" src=\"https:\/\/kifb.info\/wp-content\/uploads\/2025\/10\/SHK-Logo.jpg\" alt=\"\" class=\"wp-image-206\" style=\"width:130px\" srcset=\"https:\/\/kifb.info\/wp-content\/uploads\/2025\/10\/SHK-Logo.jpg 1005w, https:\/\/kifb.info\/wp-content\/uploads\/2025\/10\/SHK-Logo-300x159.jpg 300w, https:\/\/kifb.info\/wp-content\/uploads\/2025\/10\/SHK-Logo-768x407.jpg 768w\" sizes=\"auto, (max-width: 1005px) 100vw, 1005px\" \/><\/figure>\n<\/div>\n\n\n\n<div class=\"wp-block-column is-layout-flow wp-block-column-is-layout-flow\" style=\"flex-basis:33.33%\">\n<figure class=\"wp-block-image size-large is-resized\" style=\"margin-top:var(--wp--preset--spacing--30);margin-bottom:var(--wp--preset--spacing--30)\"><img loading=\"lazy\" decoding=\"async\" width=\"1024\" height=\"73\" src=\"https:\/\/kifb.info\/wp-content\/uploads\/2025\/11\/DID_Diakonie_Duesseldorf_Logo_Blau_CMYK-1024x73.png\" alt=\"\" class=\"wp-image-229\" style=\"width:281px;height:auto\" srcset=\"https:\/\/kifb.info\/wp-content\/uploads\/2025\/11\/DID_Diakonie_Duesseldorf_Logo_Blau_CMYK-1024x73.png 1024w, https:\/\/kifb.info\/wp-content\/uploads\/2025\/11\/DID_Diakonie_Duesseldorf_Logo_Blau_CMYK-300x21.png 300w, https:\/\/kifb.info\/wp-content\/uploads\/2025\/11\/DID_Diakonie_Duesseldorf_Logo_Blau_CMYK-768x55.png 768w, https:\/\/kifb.info\/wp-content\/uploads\/2025\/11\/DID_Diakonie_Duesseldorf_Logo_Blau_CMYK-1536x110.png 1536w, https:\/\/kifb.info\/wp-content\/uploads\/2025\/11\/DID_Diakonie_Duesseldorf_Logo_Blau_CMYK-2048x147.png 2048w\" sizes=\"auto, (max-width: 1024px) 100vw, 1024px\" \/><\/figure>\n<\/div>\n<\/div>\n\n\n\n<div style=\"height:32px\" aria-hidden=\"true\" class=\"wp-block-spacer\"><\/div>\n\n\n\n<h2 class=\"wp-block-heading\">F\u00f6rderung<\/h2>\n\n\n\n<p>Das Projekt ist Teil der <strong>F\u00f6rderrichtlinie <\/strong>MetaFin und wird durch das Bundesministerium f\u00fcr Bildung, Familie, Senioren, Frauen und Jugend gef\u00f6rdert.<\/p>\n\n\n\n<div class=\"wp-block-columns is-layout-flex wp-container-core-columns-is-layout-28f84493 wp-block-columns-is-layout-flex\">\n<div class=\"wp-block-column is-layout-flow wp-block-column-is-layout-flow\" style=\"flex-basis:100%\">\n<div class=\"wp-block-columns is-layout-flex wp-container-core-columns-is-layout-28f84493 wp-block-columns-is-layout-flex\">\n<div class=\"wp-block-column is-layout-flow wp-block-column-is-layout-flow\" style=\"flex-basis:50%\">\n<div class=\"wp-block-columns is-layout-flex wp-container-core-columns-is-layout-28f84493 wp-block-columns-is-layout-flex\">\n<div class=\"wp-block-column is-layout-flow wp-block-column-is-layout-flow\" style=\"flex-basis:100%\">\n<figure class=\"wp-block-gallery has-nested-images columns-default is-cropped wp-block-gallery-3 is-layout-flex wp-block-gallery-is-layout-flex\">\n<figure class=\"wp-block-image size-full\"><img loading=\"lazy\" decoding=\"async\" width=\"1706\" height=\"906\" data-id=\"223\" src=\"https:\/\/kifb.info\/wp-content\/uploads\/2025\/10\/BMBFSFJ_gefoerdert_vom_deutsch_Office-1.png\" alt=\"\" class=\"wp-image-223\" srcset=\"https:\/\/kifb.info\/wp-content\/uploads\/2025\/10\/BMBFSFJ_gefoerdert_vom_deutsch_Office-1.png 1706w, https:\/\/kifb.info\/wp-content\/uploads\/2025\/10\/BMBFSFJ_gefoerdert_vom_deutsch_Office-1-300x159.png 300w, https:\/\/kifb.info\/wp-content\/uploads\/2025\/10\/BMBFSFJ_gefoerdert_vom_deutsch_Office-1-1024x544.png 1024w, https:\/\/kifb.info\/wp-content\/uploads\/2025\/10\/BMBFSFJ_gefoerdert_vom_deutsch_Office-1-768x408.png 768w, https:\/\/kifb.info\/wp-content\/uploads\/2025\/10\/BMBFSFJ_gefoerdert_vom_deutsch_Office-1-1536x816.png 1536w\" sizes=\"auto, (max-width: 1706px) 100vw, 1706px\" \/><\/figure>\n\n\n\n<figure class=\"wp-block-image size-full\"><img loading=\"lazy\" decoding=\"async\" width=\"600\" height=\"308\" data-id=\"216\" src=\"https:\/\/kifb.info\/wp-content\/uploads\/2025\/10\/BG-EBF_Wortmarke_L.jpg\" alt=\"\" class=\"wp-image-216\" srcset=\"https:\/\/kifb.info\/wp-content\/uploads\/2025\/10\/BG-EBF_Wortmarke_L.jpg 600w, https:\/\/kifb.info\/wp-content\/uploads\/2025\/10\/BG-EBF_Wortmarke_L-300x154.jpg 300w\" sizes=\"auto, (max-width: 600px) 100vw, 600px\" \/><\/figure>\n<\/figure>\n<\/div>\n<\/div>\n<\/div>\n<\/div>\n<\/div>\n<\/div>\n\n\n\n<div style=\"height:34px\" aria-hidden=\"true\" class=\"wp-block-spacer\"><\/div>\n\n\n\n<h2 class=\"wp-block-heading\">Technische Umsetzung<\/h2>\n\n\n\n<p>F\u00fcr die technische Entwicklung und Implementierung der Chatbots arbeiten wir mit der Firma InsiderPie zusammen.<br>Das Unternehmen unterst\u00fctzt das Projekt bei der Anpassung und Integration KI-basierter Systeme sowie bei der Entwicklung der dialogbasierten Lernumgebungen.<br>Durch diese Zusammenarbeit k\u00f6nnen Forschungsergebnisse direkt in nutzbare, praxisnahe Anwendungen \u00fcberf\u00fchrt werden.<\/p>\n\n\n\n<figure class=\"wp-block-image size-large is-resized\"><img loading=\"lazy\" decoding=\"async\" width=\"1024\" height=\"1024\" src=\"https:\/\/kifb.info\/wp-content\/uploads\/2025\/10\/LOGO_InsiderPie_Final_Plattform_zentriert_04-1024x1024.png\" alt=\"\" class=\"wp-image-82\" style=\"width:200px\" srcset=\"https:\/\/kifb.info\/wp-content\/uploads\/2025\/10\/LOGO_InsiderPie_Final_Plattform_zentriert_04-1024x1024.png 1024w, https:\/\/kifb.info\/wp-content\/uploads\/2025\/10\/LOGO_InsiderPie_Final_Plattform_zentriert_04-300x300.png 300w, https:\/\/kifb.info\/wp-content\/uploads\/2025\/10\/LOGO_InsiderPie_Final_Plattform_zentriert_04-150x150.png 150w, https:\/\/kifb.info\/wp-content\/uploads\/2025\/10\/LOGO_InsiderPie_Final_Plattform_zentriert_04-768x768.png 768w, https:\/\/kifb.info\/wp-content\/uploads\/2025\/10\/LOGO_InsiderPie_Final_Plattform_zentriert_04.png 1251w\" sizes=\"auto, (max-width: 1024px) 100vw, 1024px\" \/><\/figure>\n","protected":false},"excerpt":{"rendered":"<p>Projektteam Das Projekt wird von der Professur Didaktik Wirtschaft und Recht an der Friedrich-Alexander-Universit\u00e4t Erlangen-N\u00fcrnberg (FAU) koordiniert.Zum Team geh\u00f6ren Prof. Dr. Holger Arndt und Tabea S\u00f6hnlein.Gemeinsam forschen wir an innovativen Wegen, K\u00fcnstliche Intelligenz in Bildungskontexten sinnvoll einzusetzen. Praxispartner Gemeinsam mit unseren Praxispartnern \u2013 der Schuldnerhilfe K\u00f6ln, der Evangelischen Schuldnerberatung der Diakonie D\u00fcsseldorf sowie der Stiftung [&hellip;]<\/p>\n","protected":false},"author":1,"featured_media":0,"parent":0,"menu_order":0,"comment_status":"closed","ping_status":"closed","template":"","meta":{"footnotes":""},"class_list":["post-66","page","type-page","status-publish","hentry"],"_links":{"self":[{"href":"https:\/\/kifb.info\/index.php\/wp-json\/wp\/v2\/pages\/66","targetHints":{"allow":["GET"]}}],"collection":[{"href":"https:\/\/kifb.info\/index.php\/wp-json\/wp\/v2\/pages"}],"about":[{"href":"https:\/\/kifb.info\/index.php\/wp-json\/wp\/v2\/types\/page"}],"author":[{"embeddable":true,"href":"https:\/\/kifb.info\/index.php\/wp-json\/wp\/v2\/users\/1"}],"replies":[{"embeddable":true,"href":"https:\/\/kifb.info\/index.php\/wp-json\/wp\/v2\/comments?post=66"}],"version-history":[{"count":20,"href":"https:\/\/kifb.info\/index.php\/wp-json\/wp\/v2\/pages\/66\/revisions"}],"predecessor-version":[{"id":232,"href":"https:\/\/kifb.info\/index.php\/wp-json\/wp\/v2\/pages\/66\/revisions\/232"}],"wp:attachment":[{"href":"https:\/\/kifb.info\/index.php\/wp-json\/wp\/v2\/media?parent=66"}],"curies":[{"name":"wp","href":"https:\/\/api.w.org\/{rel}","templated":true}]}}