{"id":46,"date":"2025-10-23T10:33:59","date_gmt":"2025-10-23T10:33:59","guid":{"rendered":"https:\/\/kifb.info\/?page_id=46"},"modified":"2025-10-23T10:33:59","modified_gmt":"2025-10-23T10:33:59","slug":"teilprojekt-finanzielle-bildung-fur-menschen-mit-migrationshintergrund","status":"publish","type":"page","link":"https:\/\/kifb.info\/index.php\/teilprojekt-finanzielle-bildung-fur-menschen-mit-migrationshintergrund\/","title":{"rendered":"Teilprojekt finanzielle Bildung f\u00fcr Menschen mit Migrationshintergrund"},"content":{"rendered":"\n<div style=\"height:35px\" aria-hidden=\"true\" class=\"wp-block-spacer\"><\/div>\n\n\n\n<h3 class=\"wp-block-heading has-accent-5-background-color has-background\"><strong>Sprache Verstehen, Teilhabe f\u00f6rdern<\/strong><\/h3>\n\n\n\n<p class=\"has-accent-5-background-color has-background\">Viele junge Migrant*innen und Gefl\u00fcchtete stehen in Deutschland vor der Herausforderung, zum ersten Mal eigenst\u00e4ndig mit Geld umzugehen.<br>Ihre finanziellen Erfahrungen und Gewohnheiten unterscheiden sich h\u00e4ufig von den hiesigen Strukturen \u2013 etwa, weil in den Herkunftsl\u00e4ndern andere Rollenverteilungen oder Finanzpraktiken \u00fcblich sind.<\/p>\n\n\n\n<div style=\"height:28px\" aria-hidden=\"true\" class=\"wp-block-spacer\"><\/div>\n\n\n\n<h2 class=\"wp-block-heading\">Ziel und Umsetzung<\/h2>\n\n\n\n<p>Das Teilprojekt untersucht, wie KI-gest\u00fctzte Chatbots den Einstieg in finanzielle Selbstst\u00e4ndigkeit unterst\u00fctzen k\u00f6nnen.<br>Der Chatbot hilft, typische finanzielle Herausforderungen des Alltags zu meistern \u2013 von der Budgetplanung bis zum Umgang mit Kostenfallen \u2013 und f\u00f6rdert so den sicheren und reflektierten Umgang mit Geld.<\/p>\n\n\n\n<div style=\"height:35px\" aria-hidden=\"true\" class=\"wp-block-spacer\"><\/div>\n\n\n\n<h2 class=\"wp-block-heading\">Zugang und Wirkung<\/h2>\n\n\n\n<p>Um den Zugang zu erleichtern, ist das System mehrsprachig verf\u00fcgbar.<br>So entsteht ein digitales Lernangebot, das finanzielle Inklusion, Eigenverantwortung und gesellschaftliche Teilhabe st\u00e4rkt.<\/p>\n\n\n\n<div style=\"height:29px\" aria-hidden=\"true\" class=\"wp-block-spacer\"><\/div>\n\n\n\n<div class=\"wp-block-buttons is-layout-flex wp-block-buttons-is-layout-flex\">\n<div class=\"wp-block-button\"><a class=\"wp-block-button__link wp-element-button\" href=\"https:\/\/kifb.info\/?page_id=14&amp;preview=true\">Zur Projekt\u00fcbersicht<\/a><\/div>\n<\/div>\n\n\n\n<p><\/p>\n\n\n\n<p><\/p>\n","protected":false},"excerpt":{"rendered":"<p>Sprache Verstehen, Teilhabe f\u00f6rdern Viele junge Migrant*innen und Gefl\u00fcchtete stehen in Deutschland vor der Herausforderung, zum ersten Mal eigenst\u00e4ndig mit Geld umzugehen.Ihre finanziellen Erfahrungen und Gewohnheiten unterscheiden sich h\u00e4ufig von den hiesigen Strukturen \u2013 etwa, weil in den Herkunftsl\u00e4ndern andere Rollenverteilungen oder Finanzpraktiken \u00fcblich sind. Ziel und Umsetzung Das Teilprojekt untersucht, wie KI-gest\u00fctzte Chatbots den [&hellip;]<\/p>\n","protected":false},"author":1,"featured_media":0,"parent":0,"menu_order":0,"comment_status":"closed","ping_status":"closed","template":"","meta":{"footnotes":""},"class_list":["post-46","page","type-page","status-publish","hentry"],"_links":{"self":[{"href":"https:\/\/kifb.info\/index.php\/wp-json\/wp\/v2\/pages\/46","targetHints":{"allow":["GET"]}}],"collection":[{"href":"https:\/\/kifb.info\/index.php\/wp-json\/wp\/v2\/pages"}],"about":[{"href":"https:\/\/kifb.info\/index.php\/wp-json\/wp\/v2\/types\/page"}],"author":[{"embeddable":true,"href":"https:\/\/kifb.info\/index.php\/wp-json\/wp\/v2\/users\/1"}],"replies":[{"embeddable":true,"href":"https:\/\/kifb.info\/index.php\/wp-json\/wp\/v2\/comments?post=46"}],"version-history":[{"count":14,"href":"https:\/\/kifb.info\/index.php\/wp-json\/wp\/v2\/pages\/46\/revisions"}],"predecessor-version":[{"id":192,"href":"https:\/\/kifb.info\/index.php\/wp-json\/wp\/v2\/pages\/46\/revisions\/192"}],"wp:attachment":[{"href":"https:\/\/kifb.info\/index.php\/wp-json\/wp\/v2\/media?parent=46"}],"curies":[{"name":"wp","href":"https:\/\/api.w.org\/{rel}","templated":true}]}}